{"id":796,"date":"2019-04-25T16:36:06","date_gmt":"2019-04-25T14:36:06","guid":{"rendered":"https:\/\/espainaina.com\/?page_id=796"},"modified":"2019-04-25T16:45:38","modified_gmt":"2019-04-25T14:45:38","slug":"politica-de-cookies-2","status":"publish","type":"page","link":"https:\/\/espainaina.com\/index.php\/politica-de-cookies-2\/","title":{"rendered":"Pol\u00edtica de Cookies"},"content":{"rendered":"\t\t<div data-elementor-type=\"wp-post\" data-elementor-id=\"796\" class=\"elementor elementor-796\">\n\t\t\t\t\t\t<section class=\"elementor-section elementor-top-section elementor-element elementor-element-736db9f8 elementor-section-stretched elementor-section-full_width elementor-section-height-default elementor-section-height-default\" data-id=\"736db9f8\" data-element_type=\"section\" data-e-type=\"section\" data-settings=\"{&quot;stretch_section&quot;:&quot;section-stretched&quot;,&quot;background_background&quot;:&quot;gradient&quot;}\">\n\t\t\t\t\t\t\t<div class=\"elementor-background-overlay\"><\/div>\n\t\t\t\t\t\t\t<div class=\"elementor-container elementor-column-gap-default\">\n\t\t\t\t\t<div class=\"elementor-column elementor-col-100 elementor-top-column elementor-element elementor-element-6da4b559\" data-id=\"6da4b559\" data-element_type=\"column\" data-e-type=\"column\">\n\t\t\t<div class=\"elementor-widget-wrap elementor-element-populated\">\n\t\t\t\t\t\t<div class=\"elementor-element elementor-element-20a5a7d6 elementor-widget elementor-widget-text-editor\" data-id=\"20a5a7d6\" data-element_type=\"widget\" data-e-type=\"widget\" data-widget_type=\"text-editor.default\">\n\t\t\t\t<div class=\"elementor-widget-container\">\n\t\t\t\t\t\t\t\t\t\n<h2 class=\"wp-block-heading\"><span style=\"color: #ffffff;\">Pol\u00edtica de cookies<\/span><\/h2>\n<p><span style=\"color: #ffffff;\"><\/span><\/p>\n<p><span style=\"color: #ffffff;\">En aquesta web recopilem i utilitzem la informaci\u00f3 segons indiquem en la nostra pol\u00edtica de privacitat. Una de las maneres amb les que recopilem informaci\u00f3 \u00e9s mitjan\u00e7ant l&#8217;\u00fas de la tecnologia anomenada \u201ccookies\u201d. A <strong>espainaina.com<\/strong> s&#8217;utilitzen cookies per a varies coses.<\/span><\/p>\n<p><span style=\"color: #ffffff;\"><\/span><\/p>\n<h2 class=\"wp-block-heading\"><span style=\"color: #ffffff;\">\u00bfQu\u00e8 \u00e9s una cookie?<\/span><\/h2>\n<p><span style=\"color: #ffffff;\"><\/span><\/p>\n<p><span style=\"color: #ffffff;\">Una \u201ccookie\u201d \u00e9s una petita quantitat de text que s&#8217;emmagatzema en el teu navegador (com Chrome de Google o Safari de Apple) quan navegues per la majoria de llocs web.<\/span><\/p>\n<p><span style=\"color: #ffffff;\"><\/span><\/p>\n<h2 class=\"wp-block-heading\"><span style=\"color: #ffffff;\">\u00bfQu\u00e8 NO \u00e9s una cookie?<\/span><\/h2>\n<p><span style=\"color: #ffffff;\"><\/span><\/p>\n<p><span style=\"color: #ffffff;\">No \u00e9s un virus, ni un troi\u00e0, ni un cuc, ni spam, ni spyware, ni obre finestres pop-up.<\/span><\/p>\n<p><span style=\"color: #ffffff;\"><\/span><\/p>\n<h2 class=\"wp-block-heading\"><span style=\"color: #ffffff;\">\u00bfQuina informaci\u00f3 emmagatzema una cookie?<\/span><\/h2>\n<p><span style=\"color: #ffffff;\"><\/span><\/p>\n<p><span style=\"color: #ffffff;\">Les cookies normalment no emmagatzemen informaci\u00f3 sensible sobre vosaltres, com targetes de cr\u00e8dit o dades bancaries, fotografies o informaci\u00f3 personal, etc. Les dades que desen s\u00f3n de caire t\u00e8cnic, estad\u00edstic, prefer\u00e8ncies personals, personalitzaci\u00f3 de continguts, etc.<\/span><\/p>\n<p><span style=\"color: #ffffff;\"><\/span><\/p>\n<p><span style=\"color: #ffffff;\">El servidor web no us associa com a persones sin\u00f3 al vostre navegador web. De fet, si navegueu habitualment amb el navegador Chrome i proveu a navegar por la mateixa web amb el navegador Firefox, veureu que la web no se&#8217;n adona que sou la mateixa persona per que en realitat est\u00e0 associant la informaci\u00f3 al navegador, no a la persona.<\/span><\/p>\n<p><span style=\"color: #ffffff;\"><\/span><\/p>\n<h2 class=\"wp-block-heading\"><span style=\"color: #ffffff;\">\u00bfQuins tipus de cookies existeixen?<\/span><\/h2>\n<p><span style=\"color: #ffffff;\"><\/span><\/p>\n<ul class=\"wp-block-list\">\n<li><span style=\"color: #ffffff;\"><strong>Cookies t\u00e8cniques:<\/strong>\u00a0S\u00f3n les m\u00e9s elementals i permeten, entre d&#8217;altres coses, saber quan est\u00e0 navegant una persona o una aplicaci\u00f3 automatitzada, quan navega un usuari an\u00f2nim i un registrat, tasques b\u00e0siques pel funcionament de qualsevol web din\u00e0mica.<\/span><\/li>\n<li><span style=\"color: #ffffff;\"><strong>Cookies d&#8217;an\u00e0lisi:<\/strong>\u00a0Recullen informaci\u00f3 sobre el tipus de navegaci\u00f3 que esteu realitzant, les seccions que m\u00e9s utilitzeu, productes consultats, franja hor\u00e0ria d&#8217;us, idioma, etc.<\/span><\/li>\n<li><span style=\"color: #ffffff;\"><strong>Cookies publicitaries:<\/strong>\u00a0Mostren publicitat en funci\u00f3 de la vostra navegaci\u00f3, pa\u00eds de proced\u00e8ncia, idioma, etc.<\/span><\/li>\n<\/ul>\n<p><span style=\"color: #ffffff;\"><\/span><\/p>\n<h2 class=\"wp-block-heading\"><span style=\"color: #ffffff;\">\u00bfQu\u00e8 s\u00f3n les cookies pr\u00f2pies i de tercers?<\/span><\/h2>\n<p><span style=\"color: #ffffff;\"><\/span><\/p>\n<p><span style=\"color: #ffffff;\">Les cookies pr\u00f2pies s\u00f3n les generades per la p\u00e0gina que esteu visitant i les de tercers s\u00f3n les generades per serveis o prove\u00efdors externs com Mailchimp, Mailrelay, Facebook, Twitter, Google adsense, etc.<\/span><\/p>\n<p><span style=\"color: #ffffff;\"><\/span><\/p>\n<h2 class=\"wp-block-heading\"><span style=\"color: #ffffff;\">\u00bfQuines cookies utilitza aquesta web?<\/span><\/h2>\n<p><span style=\"color: #ffffff;\"><\/span><\/p>\n<p><span style=\"color: #ffffff;\">Aquesta web utilitza cookies pr\u00f2pies i de tercers. En aquest lloc web s&#8217;utilitzen les cookies que detallem a continuaci\u00f3:<\/span><\/p>\n<p><span style=\"color: #ffffff;\"><\/span><\/p>\n<h2 class=\"wp-block-heading\"><span style=\"color: #ffffff;\">Cookies pr\u00f2pies:<\/span><\/h2>\n<p><span style=\"color: #ffffff;\"><\/span><\/p>\n<p><span style=\"color: #ffffff;\"><strong>Inici de sessi\u00f3:<\/strong>\u00a0Les cookies per iniciar sessi\u00f3 et permeten entrar i sortir de la teva sessi\u00f3 a <strong>espainaina.com<\/strong><\/span><\/p>\n<p><span style=\"color: #ffffff;\"><\/span><\/p>\n<p><span style=\"color: #ffffff;\"><strong>Personalitzaci\u00f3:<\/strong>\u00a0Les cookies ens ajuden a recordar amb quines persones o llocs web has interactuat, per poder mostrar-te contingut relacionat.<\/span><\/p>\n<p><span style=\"color: #ffffff;\"><\/span><\/p>\n<p><span style=\"color: #ffffff;\"><strong>Prefer\u00e8ncies:<\/strong>\u00a0Les cookies ens permeten recordar els teus ajustaments i prefer\u00e8ncies, com l&#8217;idioma preferit i la teva configuraci\u00f3 de privacitat.<\/span><\/p>\n<p><span style=\"color: #ffffff;\"><\/span><\/p>\n<p><span style=\"color: #ffffff;\"><strong>Seguretat:<\/strong>\u00a0Utilitzem cookies per evitar-vos riscos de seguretat. Principalment per detectar quan alg\u00fa est\u00e0 intentant piratejar la teva navegaci\u00f3 quan ets a <strong>espainaina.com<\/strong>.<\/span><\/p>\n<p><span style=\"color: #ffffff;\"><\/span><\/p>\n<h2 class=\"wp-block-heading\"><span style=\"color: #ffffff;\">Cookies de tercers<\/span><\/h2>\n<p><span style=\"color: #ffffff;\"><\/span><\/p>\n<p><span style=\"color: #ffffff;\">Aquesta web utilitza servei d&#8217;an\u00e0lisi, concretament, Google Analytics per ajudar al website a analitzar l&#8217;\u00fas que fan els usuaris del llocs web i millorar la usabilitat del mateix, per\u00f2 en cap cas s&#8217;associen amb dades que poguessin arribar a identificar a l&#8217;usuari. Google Analytics, \u00e9s un servei anal\u00edtic de web executat por Google, Inc., L&#8217;usuari pot consultar<\/span>\u00a0<a href=\"https:\/\/www.google.es\/intl\/es\/policies\/technologies\/types\/\" target=\"_blank\" rel=\"noreferrer noopener\">aqu\u00ed<\/a>\u00a0<span style=\"color: #ffffff;\">el tipus de cookies utilitzades por Google.<\/span><\/p>\n<p><span style=\"color: #ffffff;\"><\/span><\/p>\n<p><span style=\"color: #ffffff;\">Montserrat Coderch Quelart \u00e9s usu\u00e0ria de la plataforma de subministrament i allotjament de blogs\u00a0<strong>WordPress<\/strong>, propietat de l&#8217;empresa nord-americana Automattic, Inc. A aquests efectes, l&#8217;\u00fas d&#8217;aquestes cookies pels sistemes mai estan sota el control o gesti\u00f3 del responsable de la web, poden canviar la seva funci\u00f3 en qualsevol moment, i entrar cookies noves. Aquestes cookies tampoc reporten al responsable d&#8217;aquesta web cap benefici. Automattic, Inc., utilitza a m\u00e9s a m\u00e9s d&#8217;altres cookies amb la finalitat d&#8217;ajudar a identificar i rastrejar als visitants dels llocs de\u00a0<strong>WordPress<\/strong>, con\u00e8ixer l&#8217;\u00fas que fan del lloc web d&#8217;Automattic, aix\u00ed com les seves prefer\u00e8ncies d&#8217;acc\u00e9s al mateix, tal i com es recull en l&#8217;apartat \u201cCookies\u201d de la seva Pol\u00edtica de Privacitat.<\/span><\/p>\n<p><span style=\"color: #ffffff;\"><\/span><\/p>\n<p><span style=\"color: #ffffff;\">Les cookies de xarxes socials poden emmagatzemar-se en el vostre navegador web mentre navega per<\/span> <a href=\"https:\/\/espainaina.com\/\">https:\/\/espainaina.com<\/a> <span style=\"color: #ffffff;\">per exemple, quan utilitzeu el bot\u00f3 de compartir continguts d&#8217;espainaina.com en xarxes socials.<\/span><br \/><span style=\"color: #ffffff;\">A continuaci\u00f3 teniu informaci\u00f3 sobre les cookies de les xarxes socials que utilitza aquesta web en les seves pr\u00f2pies pol\u00edtiques de cookies:<\/span><\/p>\n<p><span style=\"color: #ffffff;\"><\/span><\/p>\n<ul class=\"wp-block-list\">\n<li><span style=\"color: #ffffff;\">Cookies de Facebook, veure m\u00e9s informaci\u00f3 en la seva<\/span>\u00a0<a href=\"https:\/\/www.facebook.com\/policies\/cookies\/\" target=\"_blank\" rel=\"noreferrer noopener\">pol\u00edtica de cookies<\/a><\/li>\n<li><span style=\"color: #ffffff;\">Cookies d&#8217;Instagram, veure m\u00e9s informaci\u00f3 en la seva<\/span>\u00a0<a href=\"https:\/\/www.facebook.com\/policies\/cookies\/\" target=\"_blank\" rel=\"noreferrer noopener\">pol\u00edtica de cookies<\/a><\/li>\n<li><span style=\"color: #ffffff;\">Cookies de Google+, veure m\u00e9s informaci\u00f3 en la seva<\/span>\u00a0<a href=\"https:\/\/www.facebook.com\/policies\/cookies\/\" target=\"_blank\" rel=\"noreferrer noopener\">pol\u00edtica de cookies<\/a><\/li>\n<li><span style=\"color: #ffffff;\">Cookies de Youtube, veure m\u00e9s informaci\u00f3 en la seva<\/span>\u00a0<a href=\"https:\/\/www.facebook.com\/policies\/cookies\/\" target=\"_blank\" rel=\"noreferrer noopener\">pol\u00edtica de cookies<\/a><\/li>\n<\/ul>\n\n<h2 class=\"wp-block-heading\"><span style=\"color: #ffffff;\">\u00bfEs poden eliminar les cookies?<\/span><\/h2>\n<p><span style=\"color: #ffffff;\"><\/span><\/p>\n<p><span style=\"color: #ffffff;\">S\u00ed, i no nom\u00e9s eliminar sin\u00f3 tamb\u00e9 bloquejar, de manera general o particular per un domini espec\u00edfic.<\/span><br \/><span style=\"color: #ffffff;\">Per eliminar les cookies d&#8217;un lloc web heu d&#8217;anar a la configuraci\u00f3 del vostre navegador i, un cop all\u00e0, podreu buscar les associades al domini en q\u00fcesti\u00f3 i procedir a la seva eliminaci\u00f3.<\/span><\/p>\n<p><span style=\"color: #ffffff;\"><\/span><\/p>\n<ul class=\"wp-block-list\">\n<li><span style=\"color: #ffffff;\">Configuraci\u00f3 de cookies per\u00a0<a style=\"color: #ffffff;\" href=\"http:\/\/support.google.com\/chrome\/bin\/answer.py?hl=es&amp;answer=95647\" target=\"_blank\" rel=\"noreferrer noopener\">Google Chrome<\/a><\/span><\/li>\n<li><span style=\"color: #ffffff;\">Configuraci\u00f3 de cookies per<\/span>\u00a0<a href=\"https:\/\/support.apple.com\/es-es\/HT201265\" target=\"_blank\" rel=\"noreferrer noopener\">Apple Safari<\/a><\/li>\n<li><span style=\"color: #ffffff;\">Configuraci\u00f3 de cookies per<\/span>\u00a0<a href=\"https:\/\/support.microsoft.com\/en-us\/help\/17442\/windows-internet-explorer-delete-manage-cookies#ie=ie-10\" target=\"_blank\" rel=\"noreferrer noopener\">Internet Explorer<\/a><\/li>\n<li><span style=\"color: #ffffff;\">Configuraci\u00f3 de cookies per<\/span>\u00a0<a href=\"https:\/\/support.mozilla.org\/es\/kb\/habilitar-y-deshabilitar-cookies-sitios-web-rastrear-preferencias?redirectlocale=es&amp;redirectslug=habilitar-y-deshabilitar-cookies-que-los-sitios-we\" target=\"_blank\" rel=\"noreferrer noopener\">Mozilla Firefox<\/a><\/li>\n<\/ul>\n\n<h2 class=\"wp-block-heading\"><span style=\"color: #ffffff;\">M\u00e9s informaci\u00f3 sobre les cookies<\/span><\/h2>\n<p><span style=\"color: #ffffff;\"><\/span><\/p>\n<p><span style=\"color: #ffffff;\">Pots consultar el reglament sobre cookies publicat per la \u201cAgencia Espa\u00f1ola de Protecci\u00f3n de Datos\u201d a la seva guia \u201cGu\u00eda sobre el uso de las cookies\u201d i obtenir m\u00e9s informaci\u00f3 sobre les cookies a Internet,<\/span>\u00a0<a href=\"http:\/\/www.aboutcookies.org\/\" target=\"_blank\" rel=\"noreferrer noopener\">http:\/\/www.aboutcookies.org\/<\/a><\/p>\n\n<p><span style=\"color: #ffffff;\">Si desitgeu tenir un control m\u00e9s complert sobre la instal\u00b7laci\u00f3 de cookies, podeu instal\u00b7lar programes o complements al vostre navegador, coneguts com a eines de \u201cDo Not Track\u201d, que us permetran escollir aquelles cookies que voleu permetre.<\/span><\/p>\n<p><span style=\"color: #ffffff;\"><\/span><\/p>\n<p><span style=\"color: #ffffff;\">Aquesta pol\u00edtica de cookies ha estat actualitzada per darrera vegada el 25\/04\/2019.<\/span><\/p>\n\t\t\t\t\t\t\t\t<\/div>\n\t\t\t\t<\/div>\n\t\t\t\t\t<\/div>\n\t\t<\/div>\n\t\t\t\t\t<\/div>\n\t\t<\/section>\n\t\t\t\t<\/div>\n\t\t<!-- AddThis Advanced Settings generic via filter on the_content --><!-- AddThis Share Buttons generic via filter on the_content -->","protected":false},"excerpt":{"rendered":"<p>Pol\u00edtica de cookies En aquesta web recopilem i utilitzem la informaci\u00f3 segons indiquem en la nostra pol\u00edtica de privacitat. Una de las maneres amb les que recopilem informaci\u00f3 \u00e9s mitjan\u00e7ant l&#8217;\u00fas de la tecnologia anomenada \u201ccookies\u201d. A espainaina.com s&#8217;utilitzen cookies per a varies coses. \u00bfQu\u00e8 \u00e9s una cookie? Una \u201ccookie\u201d \u00e9s una petita quantitat de&hellip;&nbsp;<a href=\"https:\/\/espainaina.com\/index.php\/politica-de-cookies-2\/\" class=\"\" rel=\"bookmark\">Read More &raquo;<span class=\"screen-reader-text\">Pol\u00edtica de Cookies<\/span><\/a><!-- AddThis Advanced Settings generic via filter on get_the_excerpt --><!-- AddThis Share Buttons generic via filter on get_the_excerpt --><\/p>\n","protected":false},"author":1,"featured_media":0,"parent":0,"menu_order":0,"comment_status":"closed","ping_status":"closed","template":"","meta":{"_exactmetrics_skip_tracking":false,"_exactmetrics_sitenote_active":false,"_exactmetrics_sitenote_note":"","_exactmetrics_sitenote_category":0,"_themeisle_gutenberg_block_has_review":false,"_joinchat":[],"footnotes":""},"class_list":["post-796","page","type-page","status-publish","hentry"],"aioseo_notices":[],"_links":{"self":[{"href":"https:\/\/espainaina.com\/index.php\/wp-json\/wp\/v2\/pages\/796","targetHints":{"allow":["GET"]}}],"collection":[{"href":"https:\/\/espainaina.com\/index.php\/wp-json\/wp\/v2\/pages"}],"about":[{"href":"https:\/\/espainaina.com\/index.php\/wp-json\/wp\/v2\/types\/page"}],"author":[{"embeddable":true,"href":"https:\/\/espainaina.com\/index.php\/wp-json\/wp\/v2\/users\/1"}],"replies":[{"embeddable":true,"href":"https:\/\/espainaina.com\/index.php\/wp-json\/wp\/v2\/comments?post=796"}],"version-history":[{"count":3,"href":"https:\/\/espainaina.com\/index.php\/wp-json\/wp\/v2\/pages\/796\/revisions"}],"predecessor-version":[{"id":802,"href":"https:\/\/espainaina.com\/index.php\/wp-json\/wp\/v2\/pages\/796\/revisions\/802"}],"wp:attachment":[{"href":"https:\/\/espainaina.com\/index.php\/wp-json\/wp\/v2\/media?parent=796"}],"curies":[{"name":"wp","href":"https:\/\/api.w.org\/{rel}","templated":true}]}}