{"id":810,"date":"2019-05-06T20:25:50","date_gmt":"2019-05-06T18:25:50","guid":{"rendered":"https:\/\/espainaina.com\/?page_id=810"},"modified":"2019-05-13T16:57:50","modified_gmt":"2019-05-13T14:57:50","slug":"nota-legal","status":"publish","type":"page","link":"https:\/\/espainaina.com\/index.php\/nota-legal\/","title":{"rendered":"Nota Legal"},"content":{"rendered":"\t\t<div data-elementor-type=\"wp-post\" data-elementor-id=\"810\" class=\"elementor elementor-810\">\n\t\t\t\t\t\t<section class=\"elementor-section elementor-top-section elementor-element elementor-element-331c9f4e elementor-section-boxed elementor-section-height-default elementor-section-height-default\" data-id=\"331c9f4e\" data-element_type=\"section\" data-e-type=\"section\">\n\t\t\t\t\t\t<div class=\"elementor-container elementor-column-gap-default\">\n\t\t\t\t\t<div class=\"elementor-column elementor-col-100 elementor-top-column elementor-element elementor-element-1d998ee5\" data-id=\"1d998ee5\" data-element_type=\"column\" data-e-type=\"column\">\n\t\t\t<div class=\"elementor-widget-wrap elementor-element-populated\">\n\t\t\t\t\t\t<div class=\"elementor-element elementor-element-be863c1 elementor-widget elementor-widget-text-editor\" data-id=\"be863c1\" data-element_type=\"widget\" data-e-type=\"widget\" data-widget_type=\"text-editor.default\">\n\t\t\t\t<div class=\"elementor-widget-container\">\n\t\t\t\t\t\t\t\t\t\n<h1 class=\"wp-block-heading\"><strong>NOTA LEGAL<\/strong><\/h1>\n\n<h2 class=\"wp-block-heading\"><strong>Dades del Responsable<\/strong><\/h2>\n\n<ul class=\"wp-block-list\">\n<li><strong>Identitat del Responsable:<\/strong>\u00a0Montserrat Coderch Quelart<\/li>\n<li><strong>Nom comercial:<\/strong>\u00a0Espai Naina<\/li>\n<li><strong>NIF\/CIF:<\/strong>\u00a040976050D<\/li>\n<li><strong>Direcci\u00f3:<\/strong> C\/ Gran, 32 &#8211; Calldetenes (Barcelona)<\/li>\n<li><strong>Email:<\/strong>\u00a0<a href=\"mailto:info@espainaina.com\">info@espainaina.com<\/a><\/li>\n<\/ul>\n\n<p>En aquest espai l&#8217;usuari, podr\u00e0 trobar tota la informaci\u00f3 relativa als termes i condicions legals que defineixen les relacions entre els usuaris i jo com a responsable d&#8217;aquesta web. Com usuaris \u00e9s important que conegueu aquests termes abans de continuar amb la navegaci\u00f3.<\/p>\n\n<p>Montserrat Coderch Quelart com responsable d&#8217;aquesta web, assumeixo el comprom\u00eds de processar la informaci\u00f3 dels meu usuaris i clients amb plenes garanties i complir amb els requeriments nacionals i europeus que regulen la recopilaci\u00f3 i \u00fas de dades personals dels meus usuaris.<\/p>\n\n<p>Aquesta web, per tant, compleix rigorosament amb la Llei Org\u00e0nica 15\/1999, del 13 de desembre, de Protecci\u00f3 de Dades de Caire Personal (LOPD), i amb el Reial Decret 1720\/2007, del 21 de desembre, conegut com el Reglament de desenvolupament de la LOPD. Compleix tamb\u00e9 amb el Reglament (UE) 2016\/679 del Parlament Europeu i del Consell del 27 d&#8217;abril del 2016 relatiu a la protecci\u00f3 de les persones f\u00edsiques (RGPD), aix\u00ed com amb la Llei 34\/2002, del 11 de juliol, de Serveis de la Societat de la Informaci\u00f3 i Comer\u00e7 Electr\u00f2nic (LSSICE \u00f3 LSSI).<\/p>\n\n<h2 class=\"wp-block-heading\"><strong>Condicions generals d&#8217;\u00fas<\/strong><\/h2>\n\n<p>Les presents Condicions Generales regulen l&#8217;\u00fas (incloent el simple acc\u00e9s) de les p\u00e0gines de web, integrants del lloc web de Montserrat Coderch Quelart inclosos els continguts i serveis posats a disposici\u00f3 en les mateixes. Tota persona que accedeixi a la web, https:\/\/espainaina.com\/ (\u201cusuari\u201d) accepta sotmetre&#8217;s a les Condicions Generals vigents en cada moment del portal <a href=\"https:\/\/espainaina.com\/\">https:\/\/espainaina.com\/<\/a>.<\/p>\n\n<h2 class=\"wp-block-heading\"><strong>Dades personals que recopilem i com ho fem<\/strong><\/h2>\n\n<p>Llegiu la Pol\u00edtica de Privacitat.<\/p>\n\n<h2 class=\"wp-block-heading\"><strong>Compromisos i obligacions dels usuaris<\/strong><\/h2>\n\n<p>L&#8217;usuari queda informat, i accepta, que l&#8217;acc\u00e9s a la present web no suposa, de cap manera, l&#8217;inici d&#8217;una relaci\u00f3 comercial amb Montserrat Coderch Quelart. De la mateixa manera, l&#8217;usuari es compromet a fer \u00fas del lloc web, els seus serveis i continguts sense contravenir la legislaci\u00f3 en vigor, la bona fe i l&#8217;ordre p\u00fablic.<\/p>\n\n<p>Queda prohibit l&#8217;\u00fas de la web, amb finalitats il\u00b7l\u00edcites o lesives o que, de qualsevol manera,puguin causar perjudici o impedir el normal funcionament del lloc web. Respecte els continguts d&#8217;aquesta web es prohibeix:<\/p>\n\n<ul class=\"wp-block-list\">\n<li>La seva reproducci\u00f3, distribuci\u00f3 o modificaci\u00f3, total o parcial, sense el meu consentiment com a leg\u00edtima titular.<\/li>\n<li>Qualsevol vulneraci\u00f3 dels drets del prestador o meus com a leg\u00edtima titular.<\/li>\n<li>El seu \u00fas amb finalitats comercials o publicitaries.<\/li>\n<\/ul>\n\n<p>En la utilitzaci\u00f3 de la web, https:\/\/espainaina.com\/ l&#8217;usuari es compromet a no dur a terme\u00a0<strong> cap conducta<\/strong>\u00a0que pugui ferir la imatge, els interessos i els drets de Montserrat Coderch Quelart o de terceres persones o que poguessin fer malb\u00e9, inutilitzar o sobrecarregar el portal https:\/\/espainaina.com\/ o que impedissin, de qualsevol manera, el normal \u00fas de la web.<\/p>\n\n<p>No obstant, l&#8217;usuari ha de ser conscient de que les mesures de seguretat dels sistemes inform\u00e0tics a Internet no s\u00f3n completament fiables i que, per tant https:\/\/espainaina.com\/ no pot garantir la inexist\u00e8ncia de malware o d&#8217;altres elements que puguin produir alteracions en els sistemes inform\u00e0tics (software i hardware) de l&#8217;usuari o en els seus documents electr\u00f2nics i fitxers continguts en els mateixos, tot i que posem tots els mitjans i les mesures de seguretat necess\u00e0ries per evitar la presencia d&#8217;aquests elements nocius.<\/p>\n\n<h2 class=\"wp-block-heading\"><strong>Mesures de seguretat<\/strong><\/h2>\n\n<p>Les dades personals comunicades per l&#8217;usuari a Montserrat Coderch Quelart poden ser emmagatzemades en bases de dades automatitzades o no, la titularitat correspon en exclusiva a Montserrat Coderch Quelart, assumint aquesta totes les mesures d&#8217;\u00edndole t\u00e8cnica, organitzativa i de seguretat que garanteixen la confidencialitat, integritat i qualitat de la informaci\u00f3 continguda en les mateixes d&#8217;acord amb el que est\u00e0 establert en la normativa vigent de protecci\u00f3 de dades. La comunicaci\u00f3 entre els usuaris i https:\/\/espainaina.com utilitza un canal segur, i les dades transmeses s\u00f3n xifrades gr\u00e0cies a protocols https, per tant, garantim les millors condicions de seguretat per que la confidencialitat dels usuaris quedi assegurada.<\/p>\n\n<h2 class=\"wp-block-heading\"><strong>Plataforma de resoluci\u00f3 de conflictes<\/strong><\/h2>\n\n<p>Posem tamb\u00e9 a disposici\u00f3 dels usuaris la plataforma de resoluci\u00f3 de litigis que facilita la Comissi\u00f3 Europea i que es troba disponible en el seg\u00fcent enlla\u00e7:\u00a0<a href=\"http:\/\/ec.europa.eu\/consumers\/odr\/\">http:\/\/ec.europa.eu\/consumers\/odr\/<\/a><\/p>\n\n<h2 class=\"wp-block-heading\"><strong>Drets de propietat intel\u00b7lectual i industrial<\/strong><\/h2>\n\n<p>En virtut del que disposa en els articles 8 i 32.1, par\u00e0graf segon de la Llei de Propietat intel\u00b7lectual, queden expressament prohibides la reproducci\u00f3, la distribuci\u00f3 i la comunicaci\u00f3 p\u00fablica, inclosa la seva modalitat de posta a disposici\u00f3, de la totalitat o part dels continguts d&#8217;aquesta p\u00e0gina web, amb finalitats comercials, en qualsevol suport i per qualsevol mitj\u00e0 t\u00e8cnic, sense l&#8217;autoritzaci\u00f3 de Montserrat Coderch Quelart. L&#8217;usuari es compromet a respectar els drets de Propietat Intel\u00b7lectual i Industrial de Montserrat Coderch Quelart.<\/p>\n\n<p>L&#8217;usuari coneix i accepta que la totalitat del servei web, contenint sense car\u00e0cter exhaustiu el text, software, continguts (incloent-hi estructura,selecci\u00f3, ordenaci\u00f3 i presentaci\u00f3 dels mateixos) podcast, fotografies, material audiovisual i gr\u00e0fics, est\u00e0 protegida per marques, drets d&#8217;autor i d&#8217;altres drets leg\u00edtims, d&#8217;acord amb els tractats internacionals en els que Espanya n&#8217;\u00e9s part i altres drets de propietat i lleis d&#8217;Espanya.<\/p>\n\n<p>En el cas que un usuari o un tercer considerin que s&#8217;ha produ\u00eft una violaci\u00f3 dels seus leg\u00edtims drets de propietat intel\u00b7lectual per la introducci\u00f3 d&#8217;un determinat contingut en la web, haur\u00e0 de notificar l&#8217;esmentada circumst\u00e0ncia a Montserrat Coderch Quelart indicant:<\/p>\n\n<ul class=\"wp-block-list\">\n<li>Dades personals de l&#8217;interessat titular dels drets presumptament infringits o indicar la representaci\u00f3 amb la que actua en cas de que la reclamaci\u00f3 la presenti un tercer diferent de l&#8217;interessat.<\/li>\n<li>Senyalar els continguts protegits pels drets de propietat intel\u00b7lectual i la seva ubicaci\u00f3 en la web, la acreditaci\u00f3 des drets de propietat intel\u00b7lectual assenyalats i la declaraci\u00f3 expressa en la que el interessat es responsabilitza de la veracitat de les informacions facilitades en la notificaci\u00f3.<\/li>\n<\/ul>\n\n<h2 class=\"wp-block-heading\"><strong>Exclusi\u00f3 de garanties i responsable<\/strong><\/h2>\n\n<p><strong>Montserrat Coderch Quelart no atorga cap garantia ni es fa responsable, en cap cas, dels danys i perjudicis de qualsevol naturalesa que puguin ser causats per:<\/strong><\/p>\n\n<ul class=\"wp-block-list\">\n<li>La manca de disponibilitat, manteniment i efectiu funcionament de la web, o dels seus serveis i continguts.<\/li>\n<li>L&#8217;exist\u00e8ncia de malware, programes maliciosos o lesius en els continguts.<\/li>\n<li>L&#8217;\u00fas il\u00b7l\u00edcit, negligent, fraudulent o contrari a aquest Av\u00eds Legal.<\/li>\n<li>La manca de licitud, qualitat, fiabilitat, utilitat i disponibilitat dels serveis prestats per tercers i posats a disposici\u00f3 dels usuaris en el lloc web.<\/li>\n<li>El prestador no es fa responsable sota cap concepte dels danys que poguessin ser derivats de l&#8217;\u00fas il\u00b7legal o indegut de la present plana web.<\/li>\n<\/ul>\n\n<h2 class=\"wp-block-heading\"><strong>Llei aplicable i jurisdicci\u00f3<\/strong><\/h2>\n\n<p>Amb car\u00e0cter general les relacions entre Montserrat Coderch Quelart amb els usuaris dels seus serveis telem\u00e0tics, presents en aquesta web, s\u00f3n sotmesos a la legislaci\u00f3 i jurisdicci\u00f3 espanyoles i als tribunals de Barcelona.<\/p>\n\n<h2 class=\"wp-block-heading\"><strong>Contacte<\/strong><\/h2>\n\n<p>En cas que qualsevol usuari tingui cap dubte sobre aquestes Condicions Legals o qualsevol comentari sobre el portal https:\/\/espainaina.com, si-us-plau dirigiu-vos a <a href=\"mailto:info@espainaina.com\">info@espainaina.com<\/a>.<\/p>\n\n<p>Aquest av\u00eds legal ha estat actualitzat per darrera vegada el 02\/05\/2019.<\/p>\n\t\t\t\t\t\t\t\t<\/div>\n\t\t\t\t<\/div>\n\t\t\t\t\t<\/div>\n\t\t<\/div>\n\t\t\t\t\t<\/div>\n\t\t<\/section>\n\t\t\t\t<\/div>\n\t\t<!-- AddThis Advanced Settings generic via filter on the_content --><!-- AddThis Share Buttons generic via filter on the_content -->","protected":false},"excerpt":{"rendered":"<p>NOTA LEGAL Dades del Responsable Identitat del Responsable:\u00a0Montserrat Coderch Quelart Nom comercial:\u00a0Espai Naina NIF\/CIF:\u00a040976050D Direcci\u00f3: C\/ Gran, 32 &#8211; Calldetenes (Barcelona) Email:\u00a0info@espainaina.com En aquest espai l&#8217;usuari, podr\u00e0 trobar tota la informaci\u00f3 relativa als termes i condicions legals que defineixen les relacions entre els usuaris i jo com a responsable d&#8217;aquesta web. Com usuaris \u00e9s important&hellip;&nbsp;<a href=\"https:\/\/espainaina.com\/index.php\/nota-legal\/\" class=\"\" rel=\"bookmark\">Read More &raquo;<span class=\"screen-reader-text\">Nota Legal<\/span><\/a><!-- AddThis Advanced Settings generic via filter on get_the_excerpt --><!-- AddThis Share Buttons generic via filter on get_the_excerpt --><\/p>\n","protected":false},"author":1,"featured_media":0,"parent":0,"menu_order":0,"comment_status":"closed","ping_status":"closed","template":"page-templates\/template-pagebuilder-full-width.php","meta":{"_exactmetrics_skip_tracking":false,"_exactmetrics_sitenote_active":false,"_exactmetrics_sitenote_note":"","_exactmetrics_sitenote_category":0,"_themeisle_gutenberg_block_has_review":false,"_joinchat":[],"footnotes":""},"class_list":["post-810","page","type-page","status-publish","hentry"],"aioseo_notices":[],"_links":{"self":[{"href":"https:\/\/espainaina.com\/index.php\/wp-json\/wp\/v2\/pages\/810","targetHints":{"allow":["GET"]}}],"collection":[{"href":"https:\/\/espainaina.com\/index.php\/wp-json\/wp\/v2\/pages"}],"about":[{"href":"https:\/\/espainaina.com\/index.php\/wp-json\/wp\/v2\/types\/page"}],"author":[{"embeddable":true,"href":"https:\/\/espainaina.com\/index.php\/wp-json\/wp\/v2\/users\/1"}],"replies":[{"embeddable":true,"href":"https:\/\/espainaina.com\/index.php\/wp-json\/wp\/v2\/comments?post=810"}],"version-history":[{"count":3,"href":"https:\/\/espainaina.com\/index.php\/wp-json\/wp\/v2\/pages\/810\/revisions"}],"predecessor-version":[{"id":852,"href":"https:\/\/espainaina.com\/index.php\/wp-json\/wp\/v2\/pages\/810\/revisions\/852"}],"wp:attachment":[{"href":"https:\/\/espainaina.com\/index.php\/wp-json\/wp\/v2\/media?parent=810"}],"curies":[{"name":"wp","href":"https:\/\/api.w.org\/{rel}","templated":true}]}}